d 17.
17
Let o be (0 + 49/14)/1*46. Calculate the highest common divisor of 42 and o.
7
Suppose -3*s - 3*l = -30, 3*s - 3*l + 8 = 20. Suppose 0*g + s*g = 574. Let j be g + 9 + -2 + 2. What is the highest common divisor of 7 and j?
7
Suppose 63*s = -3*o + 66*s + 39, -3*o - 5*s + 47 = 0. What is the highest common divisor of o and 357?
7
Suppose -4*w - 1466 + 3926 = 0. Suppose -3*v + w = -0*v. Let u(r) = -389*r - 1126. Let i be u(-3). What is the highest common divisor of i and v?
41
Let s(a) = a**2 - 24*a - 384. Let p be s(-12). Calculate the highest common factor of p and 36.
12
Suppose 0 = -2*l + 4*t + 504 + 108, -5*l + 1569 = 3*t. Let i = 339 - l. Calculate the greatest common factor of 135 and i.
27
Let q be (-2)/4 + 21/6. Suppose -6*a = -15 - 9. Let d be (-2 + q)*(5 + a). Calculate the highest common factor of d and 72.
9
Suppose 0 = -p - 5*q + 1867, -5*q - 9275 = -6*p + p. Let y be (3 + p/6)*40/50. Calculate the greatest common factor of y and 10.
10
Let h = -600 - -25. Let w = 589 + h. Calculate the greatest common divisor of w and 672.
14
Suppose -8 + 344 = -6*b. Let x = -55 - b. Let p(t) = 136*t**2. Let u be p(x). Calculate the highest common factor of u and 17.
17
Let c(h) = -2*h**2 + 185*h + 660. Let r be c(70). Calculate the greatest common divisor of 12 and r.
6
Let o(z) = z**2 - 2*z + 4. Let l be o(-4). What is the highest common divisor of 5264 and l?
28
Let j = 3485 + -3441. Calculate the greatest common factor of 2332 and j.
44
Let o(b) = -17*b - 355. Let j be o(-26). What is the greatest common factor of 1653 and j?
87
Let x(m) = 23*m - 236. Let k(v) = -v - 1. Let p(l) = 2*k(l) - x(l). Let t be p(9). Let i = -22 + 40. What is the greatest common divisor of i and t?
9
Suppose 17007 = 198*s - 12885 + 2568. Calculate the highest common divisor of 12 and s.
6
Let f be 1818/65 + (-130503)/2665 + 49. Let p(g) = -7*g - 7. Let l be p(-5). What is the highest common factor of l and f?
28
Let g be (-532)/(-210)*-5*-12. Calculate the highest common divisor of 32 and g.
8
Let w be ((-3)/4)/((-2)/40). Let f(c) = 3*c**2 + 60*c + 14. Let g be f(-20). Suppose 3 = p, -4*k - 4*p = -34 - g. What is the highest common factor of w and k?
3
Let a be 1366/18 - (-5 + 220/45). Let i = -61 + a. What is the highest common factor of 150 and i?
15
Let z(i) = 692*i**2 - 59*i + 7. Let c be z(1). What is the highest common factor of c and 1560?
40
Let s = -39 + 71. Let v = -29 + s. Suppose -6*r + 2*r = -132. What is the greatest common factor of v and r?
3
Let j = 4002 - 3984. Calculate the greatest common divisor of 46 and j.
2
Let l(w) = 5*w**2 + 13*w**2 - 6 - 14*w**2 - 7*w. Let n be l(3). What is the highest common divisor of 15 and n?
3
Suppose -3*o - 2*o + 42 = -i, o + 4*i = 0. Let l = -1 + o. Let n = 102 - 88. What is the greatest common divisor of n and l?
7
Let l be 1/3 - (4 - 377/39). What is the highest common factor of 675 and l?
3
Let o be (8/12)/((-8575)/(-2856) + -3). Calculate the greatest common divisor of o and 464.
16
Let s(r) = -79*r - 4. Suppose 5*i - 13 - 17 = 0. Suppose 3*k + i + 0 = 0. Let p be s(k). Calculate the highest common factor of 14 and p.
14
Let r(u) = 69*u - 569. Let f be r(9). What is the greatest common factor of f and 1417?
13
Let j(s) = -18*s**3 + 4*s**2 + 7*s + 5. Let l be j(-1). What is the highest common factor of l and 955?
5
Let q(r) = -765*r - 33. Let b be q(-1). Suppose -6*y = 6*y - b. What is the highest common factor of 61 and y?
61
Suppose 2*z = -t + 38, -9 = -8*z + 7*z - 3*t. Suppose 22*i = z*i + f + 535, -5*f - 1055 = -2*i. What is the greatest common factor of i and 9?
9
Let c = -2124 + 2144. What is the greatest common divisor of c and 2510?
10
Suppose 257*b = -1979482 + 5797731. What is the greatest common factor of 83 and b?
83
Let p(i) = -i**2 + 3*i + 32. Let f(t) = -15*t - 69. Let l be f(-5). Let c be p(l). Calculate the highest common factor of 91 and c.
7
Suppose 118*l - 12487 + 7195 = 31052. Calculate the greatest common factor of 4268 and l.
44
Let r(y) = 2*y**3 - 20*y**2 + 16*y - 550. Let l be r(12). Calculate the highest common divisor of l and 9919.
109
Let f be 32/(-12)*(19/(-2) + 2). Let j = f - -164. Suppose -2*x = -7*x + 115. What is the highest common factor of j and x?
23
Let r be (-18)/135 - (-8)/(-120)*(-4804 + 2). Calculate the highest common divisor of r and 5.
5
Let u(m) = 5*m**2 - 25*m - 13. Let i be u(6). Suppose 2*x = -w + 39, 2*x + 2*x = -3*w + 117. Let y = 124 - w. Calculate the greatest common divisor of y and i.
17
Suppose 0 = -3*w - 4*v + 5*v + 13, w - 7 = -v. Suppose -1020 = -w*x - 1000. Calculate the highest common factor of 36 and x.
4
Let d = 2420 - 290. What is the highest common divisor of d and 70?
10
Let d(q) = 2*q**2 + q - 3. Let n be d(3). Let g(p) = -16026*p + 80202. Let y be g(5). What is the highest common factor of y and n?
18
Let x be (8/4)/2 + (3 - 0). Suppose -5*c + 107 = x*j, 3 = -3*j - 3*c + 87. Let s = 48 - j. Calculate the highest common divisor of s and 5.
5
Let c be 4/(-14) + (-284)/(-14). Suppose 3*s = 4*m + 564, -788*s + 5*m - 330 = -790*s. Calculate the greatest common divisor of s and c.
20
Let t(s) = 5*s - 125. Let w be t(40). Let k = w - 68. Calculate the highest common divisor of k and 189.
7
Suppose 5*h + 385 = 5*q, -3*q + 2*q + 5*h = -77. What is the greatest common factor of q and 1969?
11
Let i(w) = -466*w - 918. Let d be i(-2). Calculate the highest common divisor of 8750 and d.
14
Let f be (-3)/((-18)/(-4)) - 259812/(-27). Suppose -14*q + f - 886 = 0. What is the greatest common divisor of 96 and q?
48
Suppose 69*m - 68*m = -5, 4*f + m - 2203 = 0. What is the greatest common divisor of f and 230?
46
Suppose -15*x = -18*x - 36. Let j be x/20*(1 + -6). Suppose 3*m = j*b + 120, 2*m + b - 64 = -b. What is the highest common factor of m and 126?
18
Let y(s) = 7*s - 21. Let k = 47 + -41. Let u be y(k). Suppose -u*d = -16*d - 160. Calculate the greatest common divisor of d and 96.
32
Let n = 676 - 1425. Let l be n/(-28) - (-1 - 9/(-12)). Let i(j) = -j**3 + 8*j**2 + 22*j - 11. Let c be i(10). Calculate the highest common factor of l and c.
9
Let k be (2*-1)/(1/(-12)). Suppose 27*m - 67990 = -56974. What is the greatest common divisor of m and k?
24
Let x = -1097 - -3998. What is the highest common factor of x and 6?
3
Let f be (4/(-1 + 3))/(10/15). Suppose f*i - 8 - 7 = -3*a, -3*a + 18 = 4*i. Let g be (-5)/i*(-2 + 32/(-20)). Calculate the highest common divisor of 9 and g.
3
Suppose -624*b + 117 = -621*b. What is the highest common divisor of 793 and b?
13
Suppose 0*h - 179 = -h. Suppose 4*b - 3*y - 155 = 0, -4*b + 0*b + h = 5*y. Let p be ((-20)/35)/((-8)/1148). What is the greatest common factor of b and p?
41
Let b be 422695/208 - (-9)/(-48). What is the greatest common factor of 176 and b?
16
Let f be 6*(-8)/168 + -3 + 20481/21. Calculate the highest common factor of f and 84.
12
Suppose 7*v - 241 = 5*o + 10*v, -3*o - 147 = 3*v. Let g be (1 - -9)*(57 + o). What is the greatest common divisor of g and 40?
20
Suppose -46060 = -421*n + 233*n. What is the greatest common factor of n and 180?
5
Suppose 4 = -x, 0*j - 4*x = 3*j - 287. Suppose 162 = 3*b - 2*z, -z - j = -2*b - 2*z. Calculate the highest common factor of b and 65.
13
Suppose 4*t + 100 = 6*t. Let b = -17 + t. Suppose 0 = -j + 4 + b. What is the greatest common factor of 111 and j?
37
Let d = -64 + 164. Let z = 1319 + -1249. What is the highest common divisor of d and z?
10
Suppose -72 = -2*w - 2*w. Suppose 50*j - 550 - 800 = 0. Suppose 0 = -5*t + j*q - 23*q + 94, 35 = 2*t + q. What is the greatest common factor of t and w?
18
Suppose -20*w + 17753 = 933. Calculate the greatest common divisor of 29 and w.
29
Let y(b) = -b**3 - b**2 + 5*b + 14. Let q be y(0). Calculate the highest common factor of q and 3934.
14
Suppose 178*o - 44*o = 475968. Calculate the highest common factor of o and 36.
12
Let i be (-4992)/2912*7/(-4). Let g(n) = -n**3 - 3*n**2 + 3*n - 1. Let x be (8/(-10))/((-6)/(-30)). Let p be g(x). What is the highest common factor of i and p?
3
Let z(j) = 106*j + 17*j**2 - j**3 + 29 + 4 - 49*j - 38*j. Let i be z(18). What is the highest common divisor of i and 204?
51
Suppose -2*h + 214 = -2*y, 3*y + 260 - 44 = 2*h. Calculate the highest common factor of h and 1085.
35
Let j = 34